= 4*a + 2*a - r. List the prime factors of a.
3
Suppose -2*q - 8 = -2*x, 2*q + 16 = x - 2*q. Suppose x*v + 4*v = 16. What are the prime factors of v?
2
Suppose 0 = 20*m - 15*m - 635. List the prime factors of m.
127
Suppose 5*k + 5*h + 39 = 554, -407 = -4*k + h. List the prime factors of k.
2, 3, 17
Suppose -92 = -2*a + 2*x, -2*a + 8*x + 107 = 3*x. What are the prime factors of a?
41
Suppose 0 = 4*a - 7 - 5. Suppose -4*x + 2*f + 305 = a*f, -4*x + 285 = -3*f. List the prime factors of (4/6)/(10/x).
5
Suppose 33 = 2*t - 13. Suppose 0 = 2*w - 5*l - t, -w = -2*w + l + 7. What are the prime factors of w?
2
Let h(a) = -a + 28. Let t = -12 + 12. What are the prime factors of h(t)?
2, 7
Suppose -90 = d - 6*d + 5*v, 0 = 3*d - 4*v - 56. Let m = 37 - d. List the prime factors of m.
3, 7
Let h = -33 - -93. List the prime factors of h.
2, 3, 5
Let f(m) be the second derivative of -m**3/6 + 4*m**2 + 2*m. Let q be f(5). Suppose -2 = q*p - 41. What are the prime factors of p?
13
Suppose 1 - 4 = v. List the prime factors of v - (84 + 3)/(-3).
2, 13
Suppose -79 = -4*n - 5*j + 117, 0 = -2*n + j + 84. Suppose 5 = -t - 4*y - 3, -3*t + 5*y + n = 0. What are the prime factors of t?
2
Let x = -9 + 14. Suppose 25 + x = 2*c. List the prime factors of c.
3, 5
Suppose 3 = 5*x - 7. Suppose 7*g - x*g = 25. Suppose g*o - 15 = 15. List the prime factors of o.
2, 3
Suppose -2*t = 2 - 8. Let s = t - 2. Suppose -z + 3 = -s. What are the prime factors of z?
2
Suppose 2*z - 35 + 5 = 0. List the prime factors of z.
3, 5
Suppose -2*z + 4*j - 9*j + 309 = 0, -553 = -4*z + 3*j. What are the prime factors of z?
2, 71
Let x(g) = -g**3 + 4*g**2 - 2*g + 1. Let i be x(2). Let f(k) = -i - k + 5. What are the prime factors of f(-4)?
2
Let z(o) = o**3 + 9*o**2 + 9*o + 10. Let a be z(-8). List the prime factors of ((-6)/(-2))/(2/a).
3
Let h be ((0/(-1))/2)/(-2). Suppose -2*d + 27 + 19 = h. List the prime factors of d.
23
Let f be 1 + -1 - (-13 + 8). Suppose p = 2*r - 49, 0 = 4*r + f*p - 6 - 85. Suppose 5*y = 2*g - r, 5*y = -g - 2 - 1. What are the prime factors of g?
7
Suppose -r - 328 = -5*j - 3*r, -3*r + 76 = j. List the prime factors of j.
2
Let r = -11 + 13. List the prime factors of r.
2
Suppose 5*f + 106 = l - 36, 0 = -2*f - 6. List the prime factors of l.
127
Let i = -2 - 1. Let s = i + 13. List the prime factors of s.
2, 5
Suppose 5*d - 4 = d. Let o(q) = 18*q + 2. What are the prime factors of o(d)?
2, 5
Let b be (-70)/30 - 2/(-6). Let c be (b/(-4))/(3/36). Suppose -c*g + 60 = -2*g. What are the prime factors of g?
3, 5
Let k(p) = -103*p**3 - 3*p - 2. Let u be k(-1). Let i = u - 60. What are the prime factors of i?
2, 11
List the prime factors of 94 - 9 - (-2 - -4)/2.
2, 3, 7
Suppose -5*b - 10 = 0, 2*p - b - 2 = -0*b. Suppose -o = -p*o - 19. List the prime factors of o.
19
Suppose 180 = 3*r + r. Suppose 4*o + o + r = 0. Let j = 15 + o. List the prime factors of j.
2, 3
Let v = 9 - 16. Let o = v + 11. List the prime factors of o.
2
Let s(k) = k**3 + 5*k**2 + k - 3. Let j be s(-5). Let c = j - -12. Suppose -c*n + 3*n = -3. What are the prime factors of n?
3
Let z = -87 + 57. Let j = -18 - z. Suppose -x + 5*x = j. List the prime factors of x.
3
Let x(w) = w**2 - 4*w + 3. Let v be x(5). Let a be (-3)/12 + 98/v. What are the prime factors of 1/(-3)*a*-2?
2
Suppose 5*o + 4*f - 168 = o, -4*f = -o + 52. What are the prime factors of o?
2, 11
Let g be (-2 + 1)*(-21 + -4). Let a = g - 15. List the prime factors of a.
2, 5
Suppose -3*t + x = 6*x - 79, -2*t - x = -55. List the prime factors of t.
2, 7
Let y = -226 - -368. What are the prime factors of y?
2, 71
Suppose 0 = 2*t - 6*t - 4, -3*g - t - 16 = 0. What are the prime factors of ((-4)/3)/(g/30)?
2
Suppose 193 = 5*c - s, -5*c + 3*s + 109 = -80. List the prime factors of c.
3, 13
Suppose 4*c = -3*t + 3 + 11, 0 = 3*t - c - 4. Let y be (18/(2*-1))/(-1). Suppose y - t = v. What are the prime factors of v?
7
Let p(r) = -2*r + 1. Let n be p(-1). Suppose -c - c + v + 34 = 0, 0 = -n*v - 12. Let j = c - 7. What are the prime factors of j?
2
Suppose 0*l + 3*l + 3*b - 159 = 0, l - 2*b - 50 = 0. What are the prime factors of l?
2, 13
Let j = -6 - -7. Suppose -j = -2*d - 11. What are the prime factors of 1*((2 - d) + 2)?
3
Suppose 2*s - 76 - 82 = 0. Suppose 5*m + t - s = -6, 0 = -2*m - 3*t + 24. List the prime factors of m.
3, 5
Let t(l) = -l**2 - 5*l + 2. Let h be t(-5). Suppose 2*z - k - 17 = 2*k, -z = 5*k - h. What are the prime factors of z?
7
Let i = 23 + -14. What are the prime factors of i?
3
Suppose 3*m + 0 = 3. Let g(j) = 8*j - 1. List the prime factors of g(m).
7
Suppose 3*a = 3*r + 48, 3*a - 3*r + r - 46 = 0. What are the prime factors of a?
2, 7
Suppose 6 = 2*l - h - 4, -2*l + 4 = 2*h. Let g be -2 + ((3 + 3)/(-2) - -8). Suppose -l*q + 17 = -g*q. List the prime factors of q.
17
Let p = 3 - 4. List the prime factors of 13/((-2)/(p + -3)).
2, 13
Suppose -2*g = -g - 4. Suppose -g = -6*q + 4*q. List the prime factors of (-3 + q)*1*-3.
3
Suppose 0 = -37*r + 32*r + 1235. List the prime factors of r.
13, 19
Suppose -4*c - 16 = 0, -b = -5*b - 5*c + 332. List the prime factors of b.
2, 11
Suppose -5*v = 20, 0 = -5*w + v + 22 - 3. Suppose 2*s + 2*g - 5 = -w*g, 4*s = g + 21. What are the prime factors of s?
5
Suppose -2*o + 3*u = 7*u + 14, -5*o - u = -10. What are the prime factors of o?
3
Let u(o) = o**3 + 5*o**2 + 3*o + 3. Let f be u(-3). Suppose z = -z + f. Suppose -3*g + z = -g. What are the prime factors of g?
3
Let w = -2 + 20. List the prime factors of w.
2, 3
Let u(r) = r**3 - r**2 - 2*r + 8. What are the prime factors of u(3)?
2, 5
Let x(g) = 6*g + 4. List the prime factors of x(6).
2, 5
Let u(a) = -a**3 - 4*a**2 + 3*a - 3. Let s be 2 - (-3)/((-2)/(-2)). Suppose s*o = -0*o - 25. List the prime factors of u(o).
7
Suppose 0 = -2*q - 9 + 25. Let a(y) = -y**2 - 1. Let s(x) = 6*x**2 - 7*x + 3. Let b(d) = 5*a(d) + s(d). List the prime factors of b(q).
2, 3
Let i = -21 - -33. Suppose 3*c - i + 0 = 0. List the prime factors of c.
2
Let s(z) be the first derivative of z**4/4 - z**2/2 + 15*z + 2. List the prime factors of s(0).
3, 5
Let k = 3 - 1. Suppose 0*b + 75 = 5*b. Let t = b - k. List the prime factors of t.
13
Suppose 5*w - 159 = 2*w. What are the prime factors of (w - 2) + -2 + 2?
3, 17
Suppose 0*q - 4*x = 4*q + 12, q - 5*x = 27. Let s be q/(-6) + 1/3. Suppose -40 = -s*b - 5*b. List the prime factors of b.
2
List the prime factors of (-4 + 14)*(1 - 0).
2, 5
Suppose 2 = -3*k + 8. Let i = 25 - k. List the prime factors of i.
23
Suppose -2*c + 28 = 2*j, 2*c = -c - 2*j + 45. Let z = c - 12. List the prime factors of z.
5
Let w(l) = l**2 - 10*l + 6. Let z be w(10). Suppose z*c = c - m, 5*m = -4*c. Suppose c*k = -k + 12. What are the prime factors of k?
2, 3
Suppose 4*x = -2*d + 6, -d = -5*x - 4*d + 7. Let m(w) = -7*w - 2. Let t be m(x). Let k = t + 27. List the prime factors of k.
11
Suppose 0*p + 4*z = 4*p + 20, 5*z = 4*p + 23. Let k(x) = -18*x. Let h be k(p). Suppose -j - r = -5*j + h, -5*r = -2*j. List the prime factors of j.
2, 5
Suppose -z + 4 = z. Suppose 13 = z*x - 3*g, -3*x - g + 5*g = -21. Suppose 4*a - 3*t - x = 0, a + 0*t - 4 = 2*t. What are the prime factors of a?
2
Suppose 0 = -l - 5*k + 10, 2*l - 5*k + 5 = 4*l. Let q(x) = x**2 + 3*x + 1. Let t be q(l). Let c = t - 7. What are the prime factors of c?
2
Let d = 14 + -10. List the prime factors of d/(-22) + 1662/66.
5
Suppose -3*k + 22 = 2*m, 17 = -2*k - 0*k + 5*m. Suppose k*v + 2*d + 60 = 7*d, 5*v + 75 = -5*d. List the prime factors of (-6 - 0)*v/9.
2, 5
Let m be 2/4 - 39/(-2). Suppose -5*i + w = -6*i + m, -2*i - w = -35. List the prime factors of i.
3, 5
Let h = 15 - 9. Suppose 0 = -3*k + h*k - 18. Suppose 5*d + 0*q = -5*q + 60, -3*q + k = 0. What are the prime factors of d?
2, 5
Let u = -17 - -31. Let z = u + -7. Let v = z + -2. What are the prime factors of v?
5
Let d(a) = -a**2 + 7. Let l(v) = v - 8. Let w = 17 - 9. Let y be l(w). List the prime factors of d(y).
7
Suppose 3*a - d - 74 = 0, 4*a - 117 + 35 = -2*d. List the prime factors of a.
23
Let o(d) = 13*d**2 - d + 1. Let t be o(1). Suppose 3*f - 20 = t. What are the prime factors of f?
11
Suppose -3*x - 55 = -3*z + z, 5*z - 4*x = 127. What are the prime factors of z?
23
Let k be ((-12)/(-5))/(6/15). What are the prime factors of